{"id":1719,"date":"2025-03-22T21:45:03","date_gmt":"2025-03-22T20:45:03","guid":{"rendered":"https:\/\/coplitele.uib.es\/red\/?page_id=1719"},"modified":"2025-04-08T14:54:28","modified_gmt":"2025-04-08T13:54:28","slug":"quienes-participamos","status":"publish","type":"page","link":"https:\/\/coplitele.uib.es\/red\/quienes-participamos\/","title":{"rendered":"\u00bfQui\u00e9nes participamos?"},"content":{"rendered":"\n<p>Los miembros de la Red-COPLITELE son docentes, acad\u00e9micos o investigadores que tienen un inter\u00e9s com\u00fan en torno al dise\u00f1o, la aplicaci\u00f3n o la investigaci\u00f3n de los itinerarios flexibles de aprendizaje y su proceso de codise\u00f1o. Desempe\u00f1an un papel fundamental en el funcionamiento y la vitalidad de la comunidad, ya que son quienes participan en las discusiones, comparten informaci\u00f3n relevante, hacen preguntas, brindan apoyo mutuo y colaboran en proyectos o actividades relacionadas con el tema de la comunidad.<\/p>\n\n\n\n<h4 class=\"wp-block-heading\">Roles y responsabilidades:<\/h4>\n\n\n\n<ul class=\"wp-block-list\">\n<li>Contribuir de manera activa y constructiva al intercambio de conocimientos y experiencias.<\/li>\n\n\n\n<li>Respetar las normas y directrices establecidas por la comunidad.<\/li>\n\n\n\n<li>Participar en discusiones, debates y actividades organizadas.<\/li>\n\n\n\n<li>Compartir recursos, informaci\u00f3n y oportunidades relevantes con otros miembros.<\/li>\n\n\n\n<li>Mantener un comportamiento \u00e9tico y profesional en todas las interacciones dentro de la comunidad.<\/li>\n\n\n\n<li>Ayudar a mantener un ambiente acogedor y colaborativo para todos los miembros.<\/li>\n<\/ul>\n\n\n\n<p><\/p>\n","protected":false},"excerpt":{"rendered":"<p>Los miembros de la Red-COPLITELE son docentes, acad\u00e9micos o investigadores que tienen un inter\u00e9s com\u00fan en torno al dise\u00f1o, la<\/p>\n","protected":false},"author":1,"featured_media":0,"parent":0,"menu_order":0,"comment_status":"closed","ping_status":"closed","template":"","meta":{"colormag_page_layout":"default_layout","_bbp_topic_count":0,"_bbp_reply_count":0,"_bbp_total_topic_count":0,"_bbp_total_reply_count":0,"_bbp_voice_count":0,"_bbp_anonymous_reply_count":0,"_bbp_topic_count_hidden":0,"_bbp_reply_count_hidden":0,"_bbp_forum_subforum_count":0,"footnotes":""},"class_list":["post-1719","page","type-page","status-publish","hentry"],"_links":{"self":[{"href":"https:\/\/coplitele.uib.es\/red\/wp-json\/wp\/v2\/pages\/1719","targetHints":{"allow":["GET"]}}],"collection":[{"href":"https:\/\/coplitele.uib.es\/red\/wp-json\/wp\/v2\/pages"}],"about":[{"href":"https:\/\/coplitele.uib.es\/red\/wp-json\/wp\/v2\/types\/page"}],"author":[{"embeddable":true,"href":"https:\/\/coplitele.uib.es\/red\/wp-json\/wp\/v2\/users\/1"}],"replies":[{"embeddable":true,"href":"https:\/\/coplitele.uib.es\/red\/wp-json\/wp\/v2\/comments?post=1719"}],"version-history":[{"count":5,"href":"https:\/\/coplitele.uib.es\/red\/wp-json\/wp\/v2\/pages\/1719\/revisions"}],"predecessor-version":[{"id":1844,"href":"https:\/\/coplitele.uib.es\/red\/wp-json\/wp\/v2\/pages\/1719\/revisions\/1844"}],"wp:attachment":[{"href":"https:\/\/coplitele.uib.es\/red\/wp-json\/wp\/v2\/media?parent=1719"}],"curies":[{"name":"wp","href":"https:\/\/api.w.org\/{rel}","templated":true}]}}